ghest common divisor of 37 and 20024955?
37
Calculate the greatest common factor of 56 and 433752.
8
What is the highest common divisor of 4463094 and 6?
6
What is the greatest common factor of 2636 and 1604006?
1318
Calculate the highest common divisor of 59414 and 244.
122
What is the highest common divisor of 134 and 448096?
134
What is the greatest common divisor of 21120 and 330?
330
Calculate the greatest common factor of 50 and 2450.
50
Calculate the greatest common divisor of 346500 and 462.
462
Calculate the highest common divisor of 3407969 and 1169.
167
Calculate the highest common divisor of 453 and 6493.
151
Calculate the highest common divisor of 38928 and 60.
12
What is the greatest common divisor of 3691404 and 18?
18
What is the greatest common factor of 2976900 and 36?
12
Calculate the highest common factor of 71362 and 310.
62
Calculate the greatest common divisor of 26180 and 23485.
385
What is the greatest common factor of 115014 and 4350?
174
What is the highest common divisor of 9 and 1522161?
9
What is the greatest common factor of 7949949 and 21?
21
What is the greatest common divisor of 29049 and 69?
69
What is the highest common factor of 78081 and 51?
51
What is the greatest common factor of 1125 and 5325?
75
Calculate the greatest common factor of 397 and 245346.
397
Calculate the highest common factor of 12892 and 11220.
44
Calculate the greatest common divisor of 517 and 124597.
517
What is the greatest common factor of 4500 and 1310?
10
Calculate the highest common factor of 23268 and 264.
12
Calculate the greatest common divisor of 182 and 7588.
14
Calculate the greatest common factor of 58 and 47183.
29
What is the highest common divisor of 135143 and 298?
149
Calculate the greatest common factor of 193742 and 1314.
146
What is the highest common divisor of 22 and 91608?
22
Calculate the greatest common divisor of 31206 and 56.
14
Calculate the highest common factor of 300697 and 27230.
389
What is the highest common divisor of 456 and 8412?
12
Calculate the greatest common factor of 231 and 385.
77
What is the greatest common divisor of 7 and 21742?
7
What is the highest common divisor of 89 and 306872?
89
Calculate the greatest common factor of 28529 and 40669.
607
What is the highest common factor of 17070 and 300?
30
What is the highest common factor of 2597 and 1601978?
371
Calculate the greatest common divisor of 124 and 1684.
4
Calculate the greatest common divisor of 93730 and 27170.
130
What is the highest common divisor of 25170 and 90?
30
What is the greatest common factor of 104 and 10205?
13
Calculate the greatest common factor of 278760 and 2415.
345
What is the highest common factor of 673417 and 201?
67
Calculate the highest common divisor of 16675 and 325.
25
Calculate the greatest common divisor of 8770 and 945.
5
Calculate the greatest common divisor of 444 and 1092018.
222
Calculate the highest common factor of 762405 and 742.
371
What is the greatest common factor of 291 and 82353?
291
What is the highest common divisor of 2232 and 9162?
18
What is the highest common factor of 1145 and 270?
5
What is the greatest common divisor of 220 and 1916530?
110
What is the greatest common divisor of 774 and 10428102?
774
What is the greatest common factor of 4379004 and 189?
63
Calculate the greatest common divisor of 184 and 7584.
8
Calculate the highest common divisor of 36 and 7144.
4
What is the greatest common factor of 126 and 50418?
18
What is the highest common factor of 225 and 52725?
75
What is the greatest common factor of 28785 and 13205?
95
What is the highest common factor of 13431 and 726?
363
What is the highest common divisor of 760 and 14040?
40
Calculate the highest common divisor of 20692 and 2296.
28
What is the greatest common divisor of 96 and 5107344?
48
What is the highest common factor of 122 and 1969995?
61
What is the greatest common divisor of 219702 and 98?
14
Calculate the highest common divisor of 22097 and 126767.
1163
Calculate the highest common factor of 3952 and 3926.
26
What is the greatest common divisor of 405 and 36495?
45
What is the highest common factor of 484559 and 302?
151
What is the highest common factor of 43837 and 118?
59
What is the greatest common factor of 2352 and 1024?
16
Calculate the greatest common factor of 84900 and 120.
60
What is the greatest common factor of 66 and 85602?
66
Calculate the greatest common factor of 791 and 14125.
113
Calculate the greatest common divisor of 20865 and 1495.
65
What is the highest common divisor of 24 and 56316?
12
Calculate the greatest common divisor of 110 and 84898.
22
What is the highest common factor of 7047 and 4374?
243
Calculate the greatest common divisor of 52 and 2030236.
52
What is the highest common divisor of 4559717 and 131?
131
What is the highest common factor of 147 and 66689?
49
Calculate the highest common factor of 817209 and 57.
57
What is the greatest common divisor of 1850 and 425?
25
What is the greatest common factor of 268 and 51523?
67
What is the highest common divisor of 1766062 and 2454?
818
Calculate the greatest common divisor of 17507 and 143213.
287
What is the greatest common divisor of 32 and 822176?
32
Calculate the highest common divisor of 3264 and 240.
48
Calculate the highest common divisor of 1659 and 651.
21
Calculate the greatest common divisor of 4761 and 15.
3
Calculate the highest common divisor of 40 and 294120.
40
What is the highest common factor of 433276 and 76?
76
What is the highest common factor of 672894 and 3570?
102
Calculate the highest common factor of 300360 and 120.
120
Calculate the greatest common factor of 803922 and 294.
42
What is the greatest common divisor of 2401 and 3626?
49
What is the highest common divisor of 7 and 588469?
7
Calculate the highest common factor of 14870718 and 18.
18
Calculate the greatest common divisor of 20375 and 37164.
163
Calculate the greatest common factor of 18 and 12918.
6
Calculate the highest common factor of 126 and 636948.
18
What is the greatest common divisor of 32412 and 740?
148
Calculate the highest common factor of 10 and 58795.
5
Calculate the greatest common factor of 13 and 334997.
13
What is the highest common divisor of 451872 and 756?
108
What is the highest common factor of 92 and 4508?
92
Calculate the greatest common divisor of 2597 and 1431.
53
Calculate the greatest common divisor of 174100 and 900.
100
What is the greatest common divisor of 26840 and 4730?
110
Calculate the highest common factor of 209 and 5609351.
209
What is the greatest common factor of 3 and 41541?
3
What is the greatest common factor of 2178 and 1826?
22
Calculate the greatest common factor of 67497 and 2384.
149
Calculate the greatest common factor of 1096 and 13426.
274
Calculate the highest common divisor of 8 and 139264.
8
What is the greatest common divisor of 8178 and 1798?
58
Calculate the highest common divisor of 23048 and 19832.
536
Calculate the greatest common factor of 8426 and 374.
22
What is the greatest common factor of 392 and 58898?
98
Calculate the highest common divisor of 23540 and 8.
4
What is the greatest common divisor of 15 and 2685?
15
Calculate the highest common factor of 557044 and 188.
188
Calculate the greatest common factor of 5200425 and 87.
87
Calculate the greatest common divisor of 14 and 431347.
7
Calculate the highest common divisor of 66 and 340098.
66
What is the highest common divisor of 59291 and 2321?
211
Calculate the greatest common factor of 1054816 and 277.
277
Calculate the greatest common divisor of 8468 and 130816.
292
What is the highest common divisor of 402 and 3711?
3
Calculate the greatest common divisor of 79857 and 513.
171
What is the highest common factor of 99675 and 1125?
225
What is the highest common factor of 2544 and 1103248?
848
What is the highest common divisor of 234556 and 28?
28
Calculate the highest common divisor of 6583 and 3405.
227
Calculate the highest common factor of 222 and 188.
2
What is the greatest common divisor of 182 and 325?
13
What is the greatest common factor of 1274 and 598?
26
What is the highest common divisor of 135 and 1747035?
135
Calculate the highest common divisor of 39658 and 3160.
158
What is the highest com